3 a multiple of 22?
False
Does 23 divide 839?
False
Is 6208 a multiple of 60?
False
Is 30 a factor of 7920?
True
Is 12 a factor of 1236?
True
Is 53248 a multiple of 45?
False
Does 55 divide 905?
False
Is 2870 a multiple of 41?
True
Is 5442 a multiple of 21?
False
Does 9 divide 2034?
True
Does 20 divide 60?
True
Does 9 divide 2088?
True
Does 9 divide 225?
True
Is 29 a factor of 42267?
False
Does 22 divide 119?
False
Is 250 a factor of 8766?
False
Does 26 divide 1274?
True
Is 94 a factor of 4888?
True
Is 2 a factor of 305?
False
Does 8 divide 904?
True
Does 3 divide 132?
True
Is 7 a factor of 4148?
False
Does 17 divide 663?
True
Is 24095 a multiple of 8?
False
Is 1776 a multiple of 12?
True
Is 94 a multiple of 31?
False
Does 15 divide 7065?
True
Does 3 divide 42?
True
Is 311 a multiple of 12?
False
Is 55 a factor of 609?
False
Is 18 a factor of 27342?
True
Is 450 a multiple of 13?
False
Is 2695 a multiple of 35?
True
Is 32 a factor of 48160?
True
Is 50778 a multiple of 126?
True
Is 587 a multiple of 24?
False
Is 17 a factor of 1547?
True
Does 14 divide 280?
True
Is 71 a factor of 1136?
True
Is 40 a factor of 65200?
True
Is 925 a multiple of 20?
False
Is 9 a factor of 3039?
False
Does 16 divide 38278?
False
Is 6 a factor of 17502?
True
Does 25 divide 625?
True
Is 11 a factor of 23034?
True
Does 14 divide 4676?
True
Is 2033 a multiple of 48?
False
Is 6 a factor of 101?
False
Is 136 a multiple of 8?
True
Is 1251 a multiple of 4?
False
Does 15 divide 1725?
True
Does 21 divide 69972?
True
Does 74 divide 19684?
True
Is 32 a factor of 12896?
True
Is 13 a factor of 117?
True
Is 4783 a multiple of 12?
False
Is 907 a multiple of 23?
False
Is 6350 a multiple of 10?
True
Does 41 divide 27106?
False
Is 198 a multiple of 9?
True
Does 27 divide 302?
False
Does 14 divide 4818?
False
Is 2 a factor of 58?
True
Does 18 divide 1026?
True
Is 3 a factor of 756?
True
Is 31 a factor of 5611?
True
Does 7 divide 281?
False
Does 9 divide 359?
False
Is 616 a multiple of 88?
True
Is 6 a factor of 6024?
True
Is 29 a factor of 203?
True
Does 63 divide 369?
False
Is 144892 a multiple of 44?
True
Is 416 a multiple of 13?
True
Does 28 divide 2634?
False
Is 8340 a multiple of 15?
True
Is 10 a factor of 38?
False
Does 12 divide 228?
True
Is 8 a factor of 42080?
True
Is 305 a multiple of 3?
False
Does 3 divide 6324?
True
Is 41 a factor of 12423?
True
Is 20 a factor of 1389?
False
Is 7636 a multiple of 166?
True
Is 895 a multiple of 5?
True
Is 3477 a multiple of 61?
True
Does 11 divide 2277?
True
Is 23963 a multiple of 158?
False
Does 4 divide 3483?
False
Is 510 a multiple of 31?
False
Does 20 divide 300?
True
Is 1820 a multiple of 55?
False
Is 6 a factor of 4226?
False
Is 36 a factor of 3636?
True
Does 26 divide 321?
False
Is 7 a factor of 4942?
True
Does 243 divide 25308?
False
Does 198 divide 3783?
False
Does 9 divide 297?
True
Does 115 divide 23117?
False
Is 81 a multiple of 6?
False
Is 47 a factor of 65471?
True
Is 143 a factor of 89332?
False
Is 4314 a multiple of 20?
False
Is 6412 a multiple of 14?
True
Does 67 divide 1702?
False
Is 84 a multiple of 12?
True
Does 14 divide 280?
True
Does 57 divide 1482?
True
Is 3744 a multiple of 13?
True
Is 61 a factor of 21232?
False
Is 4 a factor of 11?
False
Is 116 a factor of 8949?
False
Is 943 a multiple of 41?
True
Is 39 a factor of 1462?
False
Is 69 a factor of 621?
True
Is 184 a multiple of 4?
True
Is 82632 a multiple of 44?
True
Is 39 a factor of 8999?
False
Is 23 a factor of 13139?
False
Is 26944 a multiple of 32?
True
Does 32 divide 3424?
True
Is 17 a factor of 1054?
True
Does 58 divide 7642?
False
Is 8295 a multiple of 35?
True
Does 24 divide 2285?
False
Does 92 divide 2300?
True
Does 29 divide 11026?
False
Is 42235 a multiple of 65?
False
Does 6 divide 3276?
True
Is 11 a factor of 286?
True
Is 4584 a multiple of 8?
True
Does 84 divide 18778?
False
Is 1126 a multiple of 64?
False
Is 55680 a multiple of 24?
True
Does 327 divide 73006?
False
Is 58 a factor of 355?
False
Is 6192 a multiple of 36?
True
Is 2532 a multiple of 12?
True
Is 14985 a multiple of 203?
False
Does 5 divide 3985?
True
Does 49 divide 980?
True
Is 347 a factor of 37476?
True
Does 9 divide 39267?
True
Is 1385 a multiple of 33?
False
Is 94 a factor of 13632?
False
Is 6 a factor of 2544?
True
Does 46 divide 1153?
False
Does 90 divide 29610?
True
Is 243 a factor of 41553?
True
Does 20 divide 6240?
True
Does 32 divide 761?
False
Is 16133 a multiple of 73?
True
Does 7 divide 522?
False
Does 3 divide 1485?
True
Does 2 divide 7?
False
Is 3978 a multiple of 18?
True
Is 3150 a multiple of 75?
True
Is 14 a factor of 527?
False
Does 23 divide 65?
False
Does 4 divide 34?
False
Does 72 divide 4896?
True
Is 36 a factor of 157364?
False
Does 146 divide 119564?
False
Does 20 divide 9140?
True
Is 30045 a multiple of 15?
True
Is 1695 a multiple of 91?
False
Does 9 divide 1175?
False
Is 135 a multiple of 9?
True
Is 255 a multiple of 133?
False
Does 17 divide 20587?
True
Is 6199 a multiple of 37?
False
Is 29 a factor of 792?
False
Does 21 divide 1228?
False
Does 31 divide 819?
False
Does 19 divide 2698?
True
Does 35 divide 40782?
False
Is 1936 a multiple of 19?
False
Does 3 divide 461?
False
Does 20 divide 336?
False
Does 53 divide 13390?
False
Is 74 a factor of 3495?
False
Is 45 a factor of 28677?
False
Is 52 a factor of 4455?
False
Is 84 a factor of 2604?
True
Does 11 divide 46676?
False
Is 6105 a multiple of 165?
True
Is 21 a factor of 372?
False
Does 15 divide 465?
True
Is 420 a multiple of 14?
True
Does 7 divide 71?
False
Does 6 divide 13?
False
Is 4800 a multiple of 32?
True
Does 6 divide 641?
False
Does 9 divide 9396?
True
Does 55 divide 644?
False
Is 13 a factor of 1365?
True
Is 5 a factor of 143?
False
Does 4 divide 2784?
True
Is 3812 a multiple of 15?
False
Is 33 a factor of 2904?
True
Is 2277 a multiple of 37?
False
Is 10501 a multiple of 7?
False
Is 56 a multiple of 8?
True
Is 86 a factor of 117476?
True
Does 68 divide 748?
True
Does 6 divide 190?
False
Does 66 divide 6072?
True
Is 1792 a multiple of 26?
False
Is 51 a factor of 5197?
False
Is 4584 a multiple of 24?
True
Does 84 divide 525?
False
Does 13 divide 104?
True
Is 66 a factor of 7276?
False
Is 33448 a multiple of 46?
False
Is 37259 a multiple of 258?
False
Is 15 a factor of 3088?
False
Is 269 a multiple of 7?
False
Does 17 divide 1939?
False
Is 191 a multiple of 23?
False
Is 13 a factor of 165?
False
Does 14 divide 66066?
True
Is 927 a multiple of 3?
True
Does 15 divide 1557?
False
Is 6 a factor of 184?
False
Does 11 divide 32901?
True
Is 27 a factor of 5897?
False
Is 8 a factor of 898?
False
Is 7 a factor of 140?
True
Does 17 divide 221?
True
Does 4 divide 1088?
True
Does 72 divide 17230?
False
Does 11 divide 344?
False
Is 13490 a multiple of 19?
True
Is 2880 a multiple of 45?
True
Is 42 a factor of 2352?
True
Is 162 a factor of 54692?
False
Does 12 divide 988?
False
Does 55 divide 4945?
False
Is 1841 a multiple of 5?
False
Is 640 a multiple of 16?
True
Is 95 a factor of 41842?
False
Does 7 divide 2716?
True
Is 9 a factor of 1309?
False
Does 19 divide 14803?
False
Does 8 divide 80?
True
Does 9 divide 1371?
False
Does 45 divide 58905?
True
Is 816 a multiple of 17?
True
Is 482 a multiple of 46?
False
Is 6 a factor of 162?
True
Is 3 a factor of 120?
True
Is 4632 a multiple of 6?
True
Is 7 a factor of 1834?
True
Is 5 a factor of 7412?
False
Is 18744 a multiple of 8?
True
Is 130 a factor of 7410?
True
Does 51 divide 612?
True
Is 119 a factor of 39746?
True
Is 66 a factor of 10019?
False
Is 4 a factor of 3492?
True
Does 6 divide 2136?
True
Is 280 a multiple of 131?
False
Is 14322 a multiple of 9?
False
Is 325 a multiple of 4?
False
Is 4 a factor of 978?
False
Does 146 divide 2920?
True
Is 1385 a multiple of 61?
False
Does 6 divide 1668?
True
Does 66 divide 4151?
False
Is 13 a factor of 61?
False
Is 2 a factor of 33?
False
Is 4506 a multiple of 3?
True
Does 93 divide 229?
False
Is 22196 a multiple of 31?
True
Is 49 a factor of 4699?
False
Is 12 a factor of 20670?
False
Is 13080 a multiple of 129?
False
Does 16 divide 1292?
False
Is 82 a factor of 844?
False
Is 38 a factor of 130?
False
Does 11 divide 362?
False
Is 10379 a multiple of 50?
False
Does 24 divide 552?
True
Does 47 divide 925?
False
Does 15 divide 540?
